(-7).
268
Let f(b) = -14*b - 1315. Calculate f(-74).
-279
Let t(u) = -u**3 - 28*u**2 - 52*u + 177. What is t(-4)?
1
Let c(x) = -876*x + 6991. Calculate c(8).
-17
Let t(w) = 25*w**2 - 20*w - 40. Calculate t(-2).
100
Let w(x) = 2*x**2 - 106*x - 582. Give w(-5).
-2
Let h(o) = 75*o + 448. Calculate h(-6).
-2
Let i(m) = -2*m**2 + 353*m - 9278. Determine i(32).
-30
Let b(f) = -22*f**2 - 97*f + 191. Calculate b(2).
-91
Let s(t) = -2*t**2 + 52*t - 14. What is s(27)?
-68
Let i(d) = -45*d - 143. Calculate i(-7).
172
Let c(r) = -60911*r - 304554. Determine c(-5).
1
Let z(m) = m**3 - 6*m**2 - 54*m + 272. What is z(9)?
29
Let b(h) = -2*h**3 - 10*h**2 - 76*h - 381. Calculate b(-5).
-1
Let r(q) = 3*q**2 + 49*q - 275. Give r(7).
215
Let n(s) = 7*s**2 - 32*s + 36. Give n(9).
315
Let q(o) = 198*o - 3365. What is q(16)?
-197
Let g(v) = 17*v - 26. Calculate g(13).
195
Let p(d) = 54*d**2 - 889*d + 402. Calculate p(16).
2
Let b(d) = -3*d**2 + 857*d - 8757. What is b(275)?
43
Let f(j) = -j**3 - 57*j**2 - 347*j + 132. Give f(-50).
-18
Let b(j) = 2*j**2 + 129*j + 332. Determine b(-62).
22
Let h(w) = 42*w**2 - 407*w - 1813. Give h(13).
-6
Let k(d) = -6*d**3 + 5*d**2 + 257*d - 758. Calculate k(3).
-104
Let g(k) = k**3 - 28*k**2 - 5*k + 12. Determine g(28).
-128
Let s(m) = -838*m - 10066. What is s(-12)?
-10
Let h(f) = -f**2 - 107*f - 2185. What is h(-25)?
-135
Let c(k) = -5*k**2 + 55*k - 15. Calculate c(12).
-75
Let u(i) = 45*i + 2285. Determine u(-51).
-10
Let h(l) = -77*l + 1549. What is h(19)?
86
Let l(c) = 54*c - 562. Determine l(12).
86
Let k(n) = -111*n + 481. Give k(4).
37
Let s(c) = -46*c + 40. What is s(1)?
-6
Let o(i) = -70*i + 400. Calculate o(6).
-20
Let w(m) = -m**3 - 27*m**2 - 133*m - 37. Determine w(-6).
5
Let c(r) = -r**2 + 193*r - 938. Determine c(5).
2
Let b(s) = 5*s**2 - 84*s - 236. Determine b(-3).
61
Let n(j) = 154*j - 5218. What is n(33)?
-136
Let q(o) = -50*o - 348. Give q(-7).
2
Let n(s) = -s**2 - 114*s - 747. Determine n(-7).
2
Let a(b) = -16*b - 1582. Calculate a(-81).
-286
Let i(y) = y**3 + 17*y**2 + 54*y - 37. Give i(-7).
75
Let g(d) = 2*d + 12. Determine g(-1).
10
Let s(b) = b**2 + 29*b - 493. What is s(12)?
-1
Let b(u) = 2*u**3 - u**2 - 6. What is b(2)?
6
Let d(n) = -6*n**2 + 45*n + 185. Calculate d(-3).
-4
Let z(h) = -121*h + 458. Calculate z(4).
-26
Let r(u) = 2*u**3 - 6*u**2 - 5*u - 48. What is r(-5)?
-423
Let n(k) = 6*k**3 - 8*k**2 - 11*k + 12. What is n(4)?
224
Let j(x) = 23*x - 564. Calculate j(24).
-12
Let u(x) = x**2 + 48*x - 1840. Give u(-73).
-15
Let v(t) = 3*t**3 - 77*t**2 - 8*t + 1451. Give v(25).
1
Let s(o) = 164*o + 10493. What is s(-64)?
-3
Let g(o) = -5*o**3 + 33*o**2 - 15*o - 11. What is g(6)?
7
Let i(v) = -65*v - 3365. Give i(-53).
80
Let b(l) = l**3 - 14*l**2 - 9*l + 461. Calculate b(11).
-1
Let l(q) = q**2 - 8*q - 260. Give l(21).
13
Let k(s) = -248*s + 10665. What is k(43)?
1
Let c(p) = -2*p**2 - 36*p - 3. Give c(-14).
109
Let y(j) = -75*j + 61. What is y(-1)?
136
Let m(f) = -f**2 - 13*f + 255. Give m(16).
-209
Let b(i) = -4*i**3 - 6*i**2 + 8*i + 13. Determine b(4).
-307
Let v(x) = 3*x**3 + 33*x**2 - 308*x + 11. Calculate v(6).
-1
Let n(y) = 9*y - 34. What is n(2)?
-16
Let q(u) = u**3 - 42*u**2 + 76*u + 160. Determine q(40).
0
Let o(r) = 60*r - 2039. What is o(34)?
1
Let u(f) = f**2 + 11*f - 6633. Determine u(-87).
-21
Let i(x) = 18*x**2 + 206*x - 1. Determine i(-11).
-89
Let g(n) = -199*n - 198. Calculate g(-1).
1
Let h(o) = 27*o**2 + 268*o - 19. Calculate h(-10).
1
Let n(i) = i**2 - 113*i - 584. What is n(-5)?
6
Let h(s) = 11*s**3 + s**2 + s - 13. Determine h(-3).
-304
Let p(o) = -4*o**2 - 36*o + 118. Give p(4).
-90
Let n(v) = 2*v**3 + 11*v**2 + 134*v + 1088. Determine n(-7).
3
Let b(z) = -z**3 + 50*z**2 + 98*z + 322. Give b(52).
10
Let z(f) = 5*f**2 + 66*f + 890. Determine z(-13).
877
Let k(x) = 864*x**2 + 2594*x + 5. Give k(-3).
-1
Let b(d) = 11*d**2 - 77*d - 16. Determine b(8).
72
Let v(j) = 2*j**3 - 14*j**2 + 3*j + 19. Give v(11).
1020
Let g(q) = q**3 - 2*q**2 - 122*q + 238. What is g(11)?
-15
Let b(a) = a**3 - 22*a**2 - 135*a + 10. Calculate b(-5).
10
Let b(g) = 4917*g - 309770. What is b(63)?
1
Let q(n) = n**3 - 35*n**2 - 34*n - 69. What is q(36)?
3
Let z(c) = 348*c + 25385. Give z(-73).
-19
Let n(y) = -90*y - 1741. What is n(-24)?
419
Let v(f) = -57*f + 2124. Give v(37).
15
Let f(k) = -3*k**2 - 28*k - 116. What is f(-12)?
-212
Let l(b) = 5*b**2 - 15*b - 37. Give l(-4).
103
Let l(p) = 3*p + 98. What is l(39)?
215
Let t(j) = -19*j - 48. What is t(-7)?
85
Let w(d) = -d**3 - 9*d**2 - 25*d. Give w(-9).
225
Let r(j) = 4426*j + 61964. Give r(-14).
0
Let d(g) = 1049*g - 9430. What is d(9)?
11
Let u(r) = 1480*r - 31091. Give u(21).
-11
Let n(k) = -k**3 - 6*k**2 - 17*k - 97. What is n(-6)?
5
Let n(x) = -5*x**2 - 5*x + 4. What is n(3)?
-56
Let j(i) = -9*i**2 - 4*i + 11. Determine j(-2).
-17
Let h(y) = -y**3 + 35*y**2 + 105*y - 4731. Determine h(34).
-5
Let b(m) = 10*m**2 - 216*m + 1133. Give b(9).
-1
Let h(a) = -14*a**2 + 15*a - 36. What is h(4)?
-200
Let d(u) = -122*u - 1213. What is d(-6)?
-481
Let y(l) = -266*l**3 - 4*l**2 - 5*l - 2. What is y(-1)?
265
Let j(r) = 18*r - 485. Calculate j(41).
253
Let m(d) = -4*d**3 - 165*d**2 - 35*d + 270. Give m(-41).
24
Let z(x) = 3*x + 61. What is z(3)?
70
Let v(y) = 2*y**2 - 8*y - 7. Determine v(5).
3
Let q(z) = 13511*z - 54031. Give q(4).
13
Let w(d) = d**2 + 184*d + 366. What is w(-2)?
2
Let u(a) = 365*a - 10617. Give u(29).
-32
Let u(z) = -z**2 - 143*z - 3554. What is u(-111)?
-2
Let y(g) = 33*g + 428. Determine y(-12).
32
Let f(p) = -15*p**2 + 16*p - 99. Calculate f(6).
-543
Let y(x) = -2*x**2 - 19*x + 39. Calculate y(-11).
6
Let z(n) = -503*n**2 - 1509*n + 4. Determine z(-3).
4
Let m(r) = r**2 + 301*r + 14463. Give m(-241).
3
Let x(y) = -21*y**2 + 398*y + 400. What is x(-1)?
-19
Let w(t) = 37*t**3 - 24*t**2 - 55*t - 5. What is w(-2)?
-287
Let l(c) = 78*c - 65. Give l(5).
325
Let m(s) = -s**3 + 60*s**2 + 17*s + 6647. Give m(62).
13
Let r(k) = -18*k**2 + 630*k - 9. Determine r(35).
-9
Let z(m) = 2*m**2 - 509*m + 2058. Give z(4).
54
Let l(n) = 13*n + 117. What is l(-10)?
-13
Let z(q) = 2*q**2 + 154*q + 255. Calculate z(-75).
-45
Let f(g) = -5097*g + 45884. Give f(9).
11
Let x(g) = g**3 + 8*g**2 - 89*g - 576. Give x(-6).
30
Let w(v) = 2*v**3 + 63*v**2 + 25*v - 184. Give w(-31).
2
Let x(g) = 8*g**3 - 10*g - 318. What is x(0)?
-318
Let w(s) = 68*s - 40. Determine w(0).
-40
Let g(w) = -w**3 + 26*w**2 - 33*w + 1371. Calculate g(26).
513
Let n(p) = p**3 - 13*p**2 - 34*p + 7. Determine n(15).
-53
Let g(u) = 12*u**2 - 33*u - 59. Calculate g(4).
1
Let c(q) = q**2 + 26*q + 8. Determine c(-11).
-157
Let y(t) = -t**3 + 3*t**2 + 88*t - 180. What is y(10)?
0
Let x(g) = 20*g**2 - 14*g + 8. Give x(0).
8
Let p(k) = -k**2 - 46*k - 159. Determine p(-35).
226
Let b(v) = v**2 - 112*v - 1633. Give b(-13).
-8
Let r(k) = -10*k**2 + 84*k - 113. Determine r(2).
15
Let w(i) = 4126*i - 20629. Calculate w(5).
1
Let l(n) = n**3 - 17*n**2 + 130*n - 1004. Determine l(13).
10
Let d(p) = 19*p - 441. Calculate d(21).
-42
Let n(i) = i**3 - 4*i**2 - 107*i - 14. Determine n(12).
-146
Let a(b) = -93*b - 325. Determine a(-4).
47
Let v(u) = -11*u**2 + 235*u + 157. Determine v(22).
3
Let p(v) = v**2 + 134*v + 2188. Give p(-19).
3
Let f(b) = -197*b + 443. Determine f(2).
49
Let d(x) = -x**3 + 29*x**2 - 13*x - 14. What is d(28)?
406
Let i(v) = -v**3 + 12*v**2 + 32*v + 152. What is i(15)?
-43
Let i(g) = -2*g + 164. What is i(0)?
164
Let w(g) = -g**3 - 18*g**2 - 43*g + 30. What is w(-15)?
0
Let l(c) = 114*c + 152. Calculate l(-4).
-304
Let f(y) = 38*y - 335. Calculate f(8).
-31
Let k(y) = -3*y**2 + 33*y - 75. Give k(8).
-3
Let g(c) = 2*c**2 - 102*c + 203. What is g(49)?
7
Let f(n) = 18*n**2 - 5*n. What is f(1)?
13
Let q(h) = -83*h**2 - 672*h - 57. What is q(-8)?
7
Let r(s) = -s**3 - 5*s**2 + 9*s + 50. Determine r(6).
-292
Let r(h) = -h**3 - 28*h**2 + 54*h - 78. Calculate r(-30).
102
Let n(j) = -2*j**3 - 34*j**2 - j + 103. Calculate n(-17).
120
Let r(f) = 1279*f + 21717. Calculate r(-17).
-26
Let n(y) = -3*y**2 - 32*y - 17. Calculate n(-10).
3
Let g(l) = 8698*l - 26091. Give g(3).
3
Let k(l) = -594*l + 7117. What is k(12)?
-11
Let s(t) = -168*t + 12835. Calculate s(76).
67
Let a(t) = -183*t + 2561. What is a(14)?
-1
Let s